e remainder when u(23) is divided by 30?
26
Suppose -12059 + 3532 = -263*p + 4360. What is the remainder when p is divided by 26?
23
What is the remainder when 289 is divided by (322/273)/23 - 9592/(-39)?
43
Suppose -3*u = -u - 2024. Calculate the remainder when u is divided by (-6384)/(-171) + (20/(-16))/((-3)/4).
37
Suppose 5*d + 189 = 4*c + 469, 5*d - 3*c = 275. Let s = -52 + d. Suppose 34 = 5*k + 2*y - 25, -k - y + 10 = s. Calculate the remainder when 51 is divided by k.
12
What is the remainder when 687 is divided by 46 + 84/(-3) + 15?
27
Let u be (4 - 2) + (4 - (-39)/(-3)). Let c(v) = 2*v**2 + 10*v - 3. Calculate the remainder when 97 is divided by c(u).
22
Suppose o = 5*n - 1380, 0*o - 1104 = -4*n + 2*o. Let u = n - 110. What is the remainder when u is divided by 12?
10
Suppose -4*f + 48 = -f. What is the remainder when (-2 + 1)*(-279)/((-27)/(-9)) is divided by f?
13
Suppose -2*p + 96*z = 99*z + 1, z - 43 = -5*p. What is the remainder when 1/(330/164 + -2) is divided by p?
2
Suppose 0*z - 2*z + 28 = -3*m, -m - 4 = 0. Suppose -53 = -4*w - g, -56*g = -w - 52*g - z. What is the remainder when 32 is divided by w?
8
Let q be ((-69)/15 + -1)*(-105)/(-2). Let k = q + 296. Let g = -7 - -11. What is the remainder when g is divided by k?
0
Suppose 3*x = -96 + 159. What is the remainder when ((-558)/3 - -1)*-1 is divided by x?
17
Let l = 191 - 201. Let w(t) = -2*t**2 + 10*t + 26. Let z(x) = -x**2 + 10*x + 27. Let b(k) = -2*w(k) + 3*z(k). What is the remainder when 76 is divided by b(l)?
18
Let w = 69 - -223. Let y = w + -280. What is the remainder when 69 is divided by y?
9
Let k = 2042 + -1899. What is the remainder when k is divided by 2/(-10) + 181/5?
35
Calculate the remainder when 157 is divided by 1/(-7) + -2 + 2916/28.
55
Let y(l) = -24*l + 945. What is the remainder when 2939 is divided by y(35)?
104
Let t(l) be the first derivative of -3*l**2 - 157*l - 178. Let o(r) = -42*r**3 - r**2 - r - 1. What is the remainder when o(-1) is divided by t(-31)?
12
Let m(p) = 2*p**2 + 9*p + 13. Let j be m(-5). Suppose 13*n + j = 14*n. Suppose -85 = g - 154. Calculate the remainder when g is divided by n.
15
Let o(f) = -4*f + 19. Let k(m) = -13*m. Let p be k(-1). Let z be o(p). Let h = -30 - z. What is the remainder when 8 is divided by h?
2
Let j(f) = 11*f**3 - 69*f**2 + 27*f - 10. What is the remainder when 786 is divided by j(6)?
38
Suppose 36 = -m + 2*m. Suppose 1667 - 1952 = -15*w. Calculate the remainder when m is divided by w.
17
Suppose 2*y + 9138 = 5*l, 94*l - 99*l + 9141 = y. Calculate the remainder when l is divided by 80.
68
Let x(y) = -39*y**2 + 21*y**2 + 250*y**2 + 20*y**2 + y. What is the remainder when x(-1) is divided by 36?
35
Let r(s) = 3*s**2 - 2*s - 101. Calculate the remainder when r(-12) is divided by 88.
3
Let z be 12*(17/51)/(-2 + (-5708)/(-2850)). Let b = -159 - -223. Calculate the remainder when b/(-6)*z/(-76) is divided by 51.
47
Let l be 1480/(-64) + 1/8. Let w = l + 27. Suppose 20 + 8 = w*u. What is the remainder when u is divided by 4?
3
Let m = -1364 + 1483. Calculate the remainder when 362 is divided by m.
5
Let b(s) = -15*s - 330. Let d be b(-45). Let r = d + -308. What is the remainder when 138 is divided by r?
27
Let o(y) = y**3 + 37*y**2 + 50*y - 133. Calculate the remainder when o(-35) is divided by 82.
75
Let v(d) = d**2 - 31*d + 86. Let x be v(28). Suppose 7*i - 275 = x*i. Let w(y) = y**2 + 2*y - 1. Calculate the remainder when i is divided by w(3).
13
Let y = -489 + 1150. Let a = 749 - y. Calculate the remainder when 97 is divided by a.
9
Suppose -4 = -b + 2. Let s be (-390)/b*(2 + 1)/3. Let p = s - -86. What is the remainder when p is divided by 12?
9
Let m be (-42)/(-28)*(1 + 7). Let c = 39 - m. Let p = -43 + 47. What is the remainder when c is divided by p?
3
Let m(s) = -4*s**2 + 60*s - 232. Let v be m(4). Suppose 4*d = -0*d - 8. Calculate the remainder when 25 is divided by ((-6)/(-7) + d)/(16/v).
1
Let b = 9131 + -9072. Calculate the remainder when 1001 is divided by b.
57
Let b = -2747 - -2553. Let c be (-3 - -1 - 146) + 2. Let h = c - b. What is the remainder when h is divided by 7?
6
Let x be (-2 + -1)/((-3)/(-402)*-2). Let s = x - 190. Calculate the remainder when s is divided by ((-6)/(-1))/(2 + -1).
5
What is the remainder when 334 - (120/200)/(6/20) is divided by (-649)/(-33) + (-8)/(-6)?
17
Suppose -4*v = 3*b + 432, 694 = -5*b - 0*v + 2*v. Let u = b - -177. What is the remainder when 70 is divided by u?
33
Let h(s) = -22*s**2 + 14*s + 14. Let c be (8/(-6))/((-2)/3). Suppose 0 = c*o - 6*o + 144. What is the remainder when o is divided by h(0)?
8
Let k(r) = r**3 - 6*r**2 + 9*r - 5. Let u(o) = -4*o - 2. Let n be u(-2). Let s = -178173 + 178188. Calculate the remainder when k(n) is divided by s.
4
Let p(q) = -5*q - 27. Let n be p(-9). Suppose 0 = y + 4*f - n - 13, 3*y = 5*f + 42. Calculate the remainder when 75 is divided by y.
18
Let r(t) = 159*t**3 + t. Let n be r(-1). Let d(w) = -w - 8. Let o be d(-8). What is the remainder when 75 is divided by n/4*(2/(-4) + o)?
15
Let q be 2/6*-3*-2. Let p be q/10 - (-36)/20. What is the remainder when 119 is divided by p + 56/(4 - 2)?
29
What is the remainder when 1929 is divided by 397 + (90/18 - 17)?
4
Let k(w) = -146*w - 3. Suppose -2*s - 2*l + 8 = 0, -s - 5*l + 19 = -l. Calculate the remainder when k(s) is divided by 9.
8
Let w = 11 - 4. Suppose -w = m - 48. Let t = 1200 + -1186. What is the remainder when m is divided by t?
13
Let v = -40 + 53. Suppose -4*a - 4*x = 12, -3*a - 5*x - 21 = -4*a. What is the remainder when (a/((-2)/(-4)) - 0) + 23 is divided by v?
12
Let y = -139 + 297. Let z = -141 + y. What is the remainder when 50 is divided by z?
16
Suppose 1423 = 26*w - 1463. Let r(s) = -s**3 + 9*s**2 - 4*s - 18. Calculate the remainder when w is divided by r(8).
13
Let i = -8387 + 8419. What is the remainder when 139 is divided by i?
11
Let a(r) = -r + 10. Suppose -18 = 3*h + 6. Let y = -235 + 245. Calculate the remainder when a(h) is divided by y.
8
Let v(j) = -28*j - 16. Let f be v(-5). Let y = f + -71. Suppose 3*l = -y + 185. What is the remainder when l is divided by 15?
14
Suppose -4*t = 4*a + 2 - 6, 2 = -4*t - a. Let w(x) be the second derivative of -x**3/6 + 5*x**2/2 + 3*x. What is the remainder when w(t) is divided by 2?
0
Let t(i) = 2*i**2 + 46*i + 187. Calculate the remainder when 1429 is divided by t(-19).
29
Suppose 3*l + 16 = 208. Suppose -5*y - 20*p = -221 - 2484, -4*y + p = -2028. What is the remainder when y is divided by l?
61
Calculate the remainder when 2253 is divided by (-12)/42*21 - -54.
45
What is the remainder when 856 is divided by (-9)/(-33) - (-3995)/517?
0
Let m(j) = j + 21. Let u be m(-11). Suppose -u*v = -1848 + 438. Calculate the remainder when 2726/v + 1*2/(-6) is divided by 7.
5
Suppose 3*v = -4*m + 3*m - 53, m - 4*v + 67 = 0. Let l = -14 - m. Calculate the remainder when (l/50 + 2/(-5))*24 is divided by 7.
5
Let h(y) = 11*y - 11. Let p be 4 - 2 - (-10)/(-2). Let r be h(p). Let s = -12 - r. What is the remainder when 95 is divided by s?
31
Suppose 4*t = 3*p - 363, t + 88 = 13*p - 15*p. Let v = -44 + 173. Let w = v + t. Calculate the remainder when 192 is divided by w.
36
Let l = 216 - 204. Suppose 4*t = -3*f + 231 + 607, 4*t - 1410 = -5*f. Calculate the remainder when 4/18 - f/(-9) is divided by l.
8
Suppose 0 = 4*z - 0*z + 72. Let f(h) = -5*h - 28. Let m(u) = 19*u + 111. Let t(i) = 9*f(i) + 2*m(i). What is the remainder when t(z) is divided by 26?
18
Suppose -21*s + 18*s + 16279 = -5*l, -4*s - 5*l + 21647 = 0. What is the remainder when s is divided by 902?
6
Suppose 3*a + 4*o - 60 = 0, -2*a + 40 = -14*o + 9*o. What is the remainder when 548/20 + (-2)/5 is divided by a?
7
Let j = -37 + 36. Let q be 0/(-3)*1*j. Calculate the remainder when 71 is divided by (q + -3 + 12)*2.
17
Suppose 2*y + c = 3*c + 116, -5*y - c = -266. Suppose 0 = f + 4, 5*z + 6*f - 2129 = 7*f. Calculate the remainder when z is divided by y.
47
Let o = 4892 + -4852. What is the remainder when 436 is divided by o?
36
Let f = 84 - 1. Let y(i) = -i**3 + 12*i**2 - 15*i + 6. Let d be y(10). Let l = f - d. What is the remainder when l is divided by 7?
6
Let u(t) be the second derivative of -t**5/20 - t**4/4 + 19*t**3/6 - 35*t**2/2 - 318*t. What is the remaind